
1
Let h = -25 - -28. Suppose 5*z + 4 = g, -z = -g + 7 - h. What is the remainder when 14 is divided by g?
2
Let u be 4 + -2*(4 + -3). Suppose -2*f + 108 = u*f. What is the remainder when f is divided by 7?
6
Suppose 47 = 5*d + 2*p, 4*d = 2*p + 55 - 21. Suppose -41 = -5*n + d. Let l(m) = m**3 + 4*m**2 - m + 2. Calculate the remainder when n is divided by l(-4).
4
Suppose -17*i - 782 = -2414. What is the remainder when 185 is divided by i?
89
Calculate the remainder when 1 - 1 - (3045/5)/(-7) is divided by 20.
7
Let u = -2 + 31. Calculate the remainder when 137 is divided by u.
21
Let a(d) = d + 13. Let l = 61 + -36. What is the remainder when l is divided by a(0)?
12
Suppose -5*m + 838 = -1427. Suppose -5*b + m = 118. Calculate the remainder when b is divided by 23.
21
Let h(d) = d**2 + 28*d - 80. What is the remainder when h(6) is divided by 21?
19
Suppose -2*j = -z + 27, 2*j + 14 = 2*z - 30. Let c(k) = -k**2 + k. Let w be c(1). Let s = z + w. What is the remainder when 64 is divided by s?
13
Calculate the remainder when (-6)/42 - (-974)/7 is divided by 47.
45
Let t = 28 - 23. Let r be (t - 76) + 4 + -3. Let k = r - -105. What is the remainder when k is divided by 19?
16
Let n be (102/(-5))/((-2)/5). Suppose -2*u + 5*u - n = 0. Suppose -2*f = -4 - 8. Calculate the remainder when u is divided by f.
5
Let s = 1 - -1. Calculate the remainder when (540/(-180))/(1/1*-1) is divided by 5/((-10)/(-8)) - s.
1
Let c = -2 - -7. Suppose 3*g + 3*x - 27 = 0, 0 = 3*g + c*x - 4 - 31. What is the remainder when g is divided by 7 + (4 - (-1 - -1) - 9)?
1
Let p be (9/6)/((-1)/(-2)). Suppose 0 = h + p*h + 172. Let j = h - -95. Calculate the remainder when j is divided by 27.
25
Let j = 10 - -48. Suppose 3*b = -2*b + 35. Suppose -2*p + 3*k = -18, b*k - 5 = p + 2*k. What is the remainder when j is divided by p?
13
Let n(x) = x**2 - 6*x - 10. Let a be n(8). Suppose 4*z + a = z. What is the remainder when z/10 + (-584)/(-20) is divided by 15?
14
Let y(v) = -2*v + 2. Suppose -2*j = -8, 4*j = 2*l + 2*l - 148. What is the remainder when l is divided by y(-10)?
19
Let o = 483 - 461. What is the remainder when 171 is divided by o?
17
Let f(o) = 22*o**2 - o + 1. Let c = -3 + 4. Suppose -3278*g = -3291*g + 1131. Calculate the remainder when g is divided by f(c).
21
What is the remainder when 575 is divided by 1/(3*(-4)/(-12))*64?
63
Let q(m) = -2*m - 46. Let h be q(-24). Suppose -y + 14 - 3 = 5*j, y - h*j = 18. Calculate the remainder when 43 is divided by y.
11
Let i(x) = x**2 + 2*x + 1. Let v be i(-1). Suppose v*c + 35 = 7*c. What is the remainder when 20 is divided by c?
0
Let z = 904 - 882. Calculate the remainder when 762/9 + (-2)/(-6) is divided by z.
19
Let z = -27 + 32. Suppose -33 = 2*q - z*q. Calculate the remainder when 42 is divided by q.
9
Suppose 4*u - 2604 = -0*u. Suppose -5*k + 129 + u = 0. Suppose -3*d = 3*d - k. Calculate the remainder when 49 is divided by d.
23
Suppose 55*m = 50*m + 230. Suppose -5*b = -77 + 17. What is the remainder when m is divided by b?
10
Let m(t) = t**2 - 3*t + 1. Let w be m(5). Suppose w*s = -s + 408. Calculate the remainder when s is divided by 12.
10
Let u(k) = 4*k**2 + 2. Let h(z) = -2*z + 22. Let o be h(10). Calculate the remainder when u(o) is divided by 7.
4
Let n = -180 + 185. What is the remainder when 24 is divided by n?
4
Suppose -25*y - 38 = -28*y - 2*r, 70 = 5*y + 5*r. What is the remainder when y is divided by 7?
3
Suppose -f = 4*f - 2*s - 8, -3*f + s = -4. Let n be (3 - f - 2)*3. Suppose 132 = n*v - 111. What is the remainder when v is divided by 21?
18
Let m(i) be the third derivative of i**4/12 + i**3 - 5*i**2. What is the remainder when 10 is divided by m(0)?
4
Let q = 4 + 0. Suppose -5*r - 17 = q*v - 0, -2*r = -v + 12. Suppose -j - v*j = -48. What is the remainder when 62 is divided by j?
14
Let o be 8/(-4*(-3)/12). Suppose -o*k + 6 = -11*k. Calculate the remainder when 29 is divided by k*4/(4/(-5)).
9
Suppose 24 = 2*c + 2*c. Suppose 0 = -c*h - 102 + 876. Suppose 0 = 5*s - h + 44. Calculate the remainder when s is divided by 7.
3
What is the remainder when (-301)/(-4 + -3) + (-4)/(-2) is divided by 4?
1
Suppose -7*m + 2*m + 105 = -5*g, -4*m = -g - 72. Suppose -4*k - m + 33 = 0. Suppose 48 = k*y - 4. What is the remainder when 23 is divided by y?
10
Let b = -278 + 348. What is the remainder when 135 is divided by b?
65
Suppose 38 = 2*c - 5*z, -4*c + 5*z = -c - 67. Let w = 112 + -96. Calculate the remainder when c is divided by w.
13
Let x(m) = m**2 + 3*m + 2. Let k(d) = -d**3 - 23*d**2 - 43*d - 19. What is the remainder when x(-3) is divided by k(-21)?
0
Suppose 13*n - 24*n = -1672. What is the remainder when n is divided by 6?
2
Suppose 3*o + 15*c = 19*c + 105, -o - 3*c + 48 = 0. Calculate the remainder when 155 is divided by o.
38
Suppose -59 = 2*m - 5*m + d, 2 = -d. Suppose -5*y = -378 - 77. Suppose 4*o + 3*z = 163, 3*z + z + y = 3*o. Calculate the remainder when o is divided by m.
18
Suppose 2*j - 4*t = -0*j + 244, 610 = 5*j - 2*t. Calculate the remainder when j is divided by (-46)/(184/(-180)) - (-1 - -5).
40
Let x(v) = 22*v - 568. What is the remainder when x(38) is divided by 99?
70
Let r = 73 + -56. Calculate the remainder when 74 is divided by r.
6
Let d = -3 + 6. Suppose 5*c - d*c - 48 = 0. Suppose c - 147 = -3*a. Calculate the remainder when a is divided by 14.
13
Suppose 5*p - 54 = -3*r, 2*r + 3*p = -p + 36. Calculate the remainder when 57 is divided by r.
3
Suppose -2 = -3*b + 4. Suppose -2*p = 4*p - 78. What is the remainder when p is divided by b?
1
Suppose -69 + 89 = 5*j. Suppose 4*n = n + q + 19, -22 = -j*n - 2*q. What is the remainder when 77 is divided by n?
5
Suppose 0 = -3*q + 6*q - 6. What is the remainder when 85 + q*12/(-8) is divided by 21?
19
Suppose d = -5*q + 39, -d = -0*d + q - 51. Calculate the remainder when d is divided by 14.
12
Suppose 4*j - 219 - 41 = 0. What is the remainder when 192 is divided by j?
62
Let o = 1 + 26. Calculate the remainder when 315 is divided by o.
18
Suppose -8*b = -4*b + 16, -n + 81 = -4*b. Calculate the remainder when 319 is divided by n.
59
Let a = 44 + 1. Let u be -8*(a/(-6))/3. Calculate the remainder when ((-8)/u)/(1/(-45)) is divided by 11.
7
Suppose 4*h = -10 + 150. Let r = -27 + h. Calculate the remainder when 30 is divided by r.
6
Let m = 223 + -178. Calculate the remainder when 221 is divided by m.
41
Suppose -28*t + 40*t - 9636 = 0. Calculate the remainder when t is divided by 401.
1
Suppose -5*r + 4 = 5*u - 6, 0 = 5*u - 5*r - 50. Suppose 5*w - 28 = -d + 33, d - 5*w - 31 = 0. Let l = -43 + d. Calculate the remainder when u is divided by l.
0
Let p(x) = 10*x - 3. Let h be p(1). Suppose -452 - 353 = h*m. Let v = -64 - m. What is the remainder when v is divided by 13?
12
Let d = -129 - -140. Suppose d*p = 10*p + 37. What is the remainder when p is divided by 15?
7
Let k = -49 - -69. Suppose 2*c + 12 + k = 0. Let l(f) = -f + 5. What is the remainder when 61 is divided by l(c)?
19
Suppose 0*o = 3*o + 3, -5*r - 4*o + 86 = 0. Suppose 0 = -2*b - 4*i + r, -3*b + 22 = 3*i - 11. Calculate the remainder when (-7 + -1)*25/(-4) is divided by b.
11
Let d(a) = a**2 - 8*a + 2. Suppose -2*g = 3*g - 4*k - 34, 5*k - 40 = -2*g. What is the remainder when 64 is divided by d(g)?
20
Suppose -2*d + 10*p + 40 = 9*p, -2*d = -5*p - 48. Calculate the remainder when 92 is divided by d.
16
Suppose -15*k + 124 = -19*k. What is the remainder when ((-30)/(-15))/((-1)/k) is divided by 22?
18
Suppose 0*g + 6 = -g - 2*a, -a = 5. Suppose -4*j - u + 8 = -g, 5*j - 24 = u. Suppose -z - j*z = -35. What is the remainder when 11 is divided by z?
4
Let j be (-4324)/(-7) + (-6)/(-21). Let z = 1419 - j. What is the remainder when (-6)/(-10) - z/(-15) is divided by 14?
12
Suppose 254 = 2*s + 2*x, 4*s + 26 = -3*x + 534. What is the remainder when s is divided by 126?
1
Let w be (2/(-4))/((-7)/56). Suppose -c + 65 = -y + 3*y, 0 = 4*c + w. What is the remainder when y is divided by 12?
9
Let s(t) = t - 9*t**3 - 2*t**3 - t**3 + t**2. Suppose -3*o + 1 = 5*k - 43, -k = -o + 28. Calculate the remainder when o is divided by s(-1).
11
Let b be ((-33)/(-11))/(1 + -2). Calculate the remainder when ((131 - 2)/b)/(2/(-6)) is divided by 26.
25
Let o = -3 + 11. Suppose c + 84 = o*c. Suppose -15 = -4*t 